{"id":2990,"date":"2017-02-06T16:32:54","date_gmt":"2017-02-06T15:32:54","guid":{"rendered":"https:\/\/hre.es\/didactica\/?page_id=2990\/"},"modified":"2026-04-07T17:45:22","modified_gmt":"2026-04-07T15:45:22","slug":"automation-studio","status":"publish","type":"page","link":"https:\/\/hre.es\/didactica\/equipamiento-didactico\/automation-studio\/","title":{"rendered":"Automation Studio aprende dise\u00f1ando y simulando circuitos"},"content":{"rendered":"<div class=\"wpb-content-wrapper\"><p>[vc_row equal_height=\u00bbyes\u00bb][vc_column css=\u00bb.vc_custom_1460641256688{margin-right: 0px !important;padding-right: 0px !important;}\u00bb][vc_single_image image=\u00bb4253&#8243; img_size=\u00bbfull\u00bb]<div class=\"mgt-header-block clearfix text-left text-black wpb_animate_when_almost_visible wpb_left-to-right wpb_content_element  mgt-header-block-style-1 mgt-header-texttransform-none  vc_custom_1499279795745\"><h2 class=\"mgt-header-block-title\">Software de dibujo y simulaci\u00f3n de circuitos automaticos<\/h2><div class=\"mgt-header-line\"><\/div><\/div>[vc_column_text]La herramienta de software definitiva para la ense\u00f1anza de tecnolog\u00edas de automatizaci\u00f3n.<\/p>\n<p>Permite dise\u00f1ar y simular de forma activa circuitos que contengan: Hidr\u00e1ulica, neum\u00e1tica, hidr\u00e1ulica y neum\u00e1tica proporcional, electrotecnia, electricidad, electr\u00f3nica digital, grafcet, programaci\u00f3n de PLC, etc.<\/p>\n<p>Permite tambi\u00e9n crear entornos industriales reales, comunicarse con otros equipos did\u00e1cticos reales como bancos de pr\u00e1cticas, maquetas, PLCs, etc.[\/vc_column_text][vc_row_inner][vc_column_inner]<div class=\"mgt-button-wrapper mgt-button-wrapper-align-left mgt-button-wrapper-display-inline mgt-button-top-margin-disable\"><a class=\"btn hvr-icon-wobble-horizontal mgt-button mgt-style-solid mgt-size-normal mgt-align-left mgt-display-inline mgt-text-size-normal mgt-button-icon-position-left mgt-text-transform-uppercase  wpb_animate_when_almost_visible wpb_appear\" href=\"https:\/\/hre.es\/didactica\/cat\/Automation-Studio-E10.pdf\" target=\"_blank\"><i class=\"fa fa-file-pdf-o\"><\/i>Consultar cat\u00e1logo &quot;Automation Studio E10&quot;<\/a><\/div>[\/vc_column_inner][\/vc_row_inner][vc_row_inner][vc_column_inner]<div class=\"mgt-button-wrapper mgt-button-wrapper-align-left mgt-button-wrapper-display-inline mgt-button-top-margin-disable\"><a class=\"btn hvr-icon-wobble-horizontal mgt-button mgt-style-solid mgt-size-normal mgt-align-left mgt-display-inline mgt-text-size-normal mgt-button-icon-position-left mgt-text-transform-uppercase  wpb_animate_when_almost_visible wpb_appear\" href=\"https:\/\/hre.es\/didactica\/cat\/Automation-Studio-Automocion.pdf\" target=\"_blank\"><i class=\"fa fa-file-pdf-o\"><\/i>Consultar cat\u00e1logo &quot;Automation Studio \u2013 Automoci\u00f3n&quot;<\/a><\/div>[\/vc_column_inner][\/vc_row_inner][vc_row_inner][vc_column_inner]<div class=\"mgt-button-wrapper mgt-button-wrapper-align-left mgt-button-wrapper-display-inline mgt-button-top-margin-disable\"><a class=\"btn hvr-icon-wobble-horizontal mgt-button mgt-style-borderedblack mgt-size-normal mgt-align-left mgt-display-inline mgt-text-size-normal mgt-button-icon-position-right mgt-text-transform-uppercase  wpb_animate_when_almost_visible wpb_appear\" href=\"http:\/\/hre.es\/didactica\/contacto-y-localizacion\/\">Solicitar oferta<i class=\"fa fa-fas fa-info\"><\/i><\/a><\/div>[\/vc_column_inner][\/vc_row_inner][\/vc_column][\/vc_row][vc_row][vc_column][vc_empty_space height=\u00bb30px\u00bb][\/vc_column][\/vc_row][vc_row][vc_column]<div class=\"mgt-header-block clearfix text-left text-black wpb_content_element  mgt-header-block-style-1 mgt-header-texttransform-none  vc_custom_1554798709322\"><h2 class=\"mgt-header-block-title\">V\u00eddeo demostrativo de construcci\u00f3n y simulaci\u00f3n de un circuito de hidr\u00e1ulica proporcional<\/h2><div class=\"mgt-header-line\"><\/div><\/div>[vc_column_text]<iframe loading=\"lazy\" src=\"https:\/\/www.youtube.com\/embed\/qoUhLZJenx0?rel=0\" width=\"100%\" height=\"480px\" frameborder=\"0\" allowfullscreen=\"allowfullscreen\"><\/iframe>[\/vc_column_text][\/vc_column][\/vc_row][vc_row full_width=\u00bbstretch_row\u00bb css=\u00bb.vc_custom_1486393565424{padding-top: 0px !important;padding-bottom: 0px !important;background-color: #eeeeee !important;}\u00bb][vc_column]<div class=\"mgt-cta-block clearfix black-text with-text wpb_content_element\" data-style=\"background-color: ;\"><div class=\"mgt-button-wrapper mgt-button-wrapper-align-right mgt-button-wrapper-display-newline mgt-button-top-margin-disable\"><a class=\"btn hvr-default mgt-button mgt-style-solid-invert mgt-size-normal mgt-align-right mgt-display-newline mgt-text-size-normal mgt-button-icon-position-left mgt-text-transform-uppercase \" href=\"http:\/\/hre.es\/didactica\/contacto-y-localizacion\/\">Contactar con HRE<\/a><\/div><h5 class=\"mgt-cta-block-header\">Cons\u00faltenos sin compromiso<\/h5><div class=\"mgt-cta-block-content\">No dude en contactar si desea m\u00e1s informaci\u00f3n<\/div><\/div>[\/vc_column][\/vc_row]<\/p>\n<\/div>","protected":false},"excerpt":{"rendered":"<p>[vc_row equal_height=\u00bbyes\u00bb][vc_column css=\u00bb.vc_custom_1460641256688{margin-right: 0px !important;padding-right: 0px !important;}\u00bb][vc_single_image image=\u00bb4253&#8243; img_size=\u00bbfull\u00bb][vc_column_text]La herramienta de software definitiva para la ense\u00f1anza de tecnolog\u00edas de automatizaci\u00f3n. Permite dise\u00f1ar y simular de forma activa circuitos que contengan:&#8230;<\/p>\n","protected":false},"author":1,"featured_media":0,"parent":2919,"menu_order":6,"comment_status":"closed","ping_status":"closed","template":"","meta":{"footnotes":""},"class_list":["post-2990","page","type-page","status-publish","hentry"],"yoast_head":"<!-- This site is optimized with the Yoast SEO plugin v27.3 - https:\/\/yoast.com\/product\/yoast-seo-wordpress\/ -->\n<title>Automation Studio - Para dise\u00f1ar y simular circuitos<\/title>\n<meta name=\"description\" content=\"Automation Studio es ideal para aprender y hacer simulaciones de todo tipo de tareas a nivel industrial, hidr\u00e1ulica, neum\u00e1tica, electrotecnia...\" \/>\n<meta name=\"robots\" content=\"index, follow, max-snippet:-1, max-image-preview:large, max-video-preview:-1\" \/>\n<link rel=\"canonical\" href=\"https:\/\/hre.es\/didactica\/equipamiento-didactico\/automation-studio\/\" \/>\n<meta property=\"og:locale\" content=\"es_ES\" \/>\n<meta property=\"og:type\" content=\"article\" \/>\n<meta property=\"og:title\" content=\"Automation Studio - Para dise\u00f1ar y simular circuitos\" \/>\n<meta property=\"og:description\" content=\"Automation Studio es ideal para aprender y hacer simulaciones de todo tipo de tareas a nivel industrial, hidr\u00e1ulica, neum\u00e1tica, electrotecnia...\" \/>\n<meta property=\"og:url\" content=\"https:\/\/hre.es\/didactica\/equipamiento-didactico\/automation-studio\/\" \/>\n<meta property=\"og:site_name\" content=\"Divisi\u00f3n DID\u00c1CTICA de la empresa HRE\" \/>\n<meta property=\"article:modified_time\" content=\"2026-04-07T15:45:22+00:00\" \/>\n<meta name=\"twitter:card\" content=\"summary_large_image\" \/>\n<meta name=\"twitter:label1\" content=\"Tiempo de lectura\" \/>\n\t<meta name=\"twitter:data1\" content=\"1 minuto\" \/>\n<script type=\"application\/ld+json\" class=\"yoast-schema-graph\">{\"@context\":\"https:\\\/\\\/schema.org\",\"@graph\":[{\"@type\":\"WebPage\",\"@id\":\"https:\\\/\\\/hre.es\\\/didactica\\\/equipamiento-didactico\\\/automation-studio\\\/\",\"url\":\"https:\\\/\\\/hre.es\\\/didactica\\\/equipamiento-didactico\\\/automation-studio\\\/\",\"name\":\"Automation Studio - Para dise\u00f1ar y simular circuitos\",\"isPartOf\":{\"@id\":\"https:\\\/\\\/hre.es\\\/didactica\\\/#website\"},\"datePublished\":\"2017-02-06T15:32:54+00:00\",\"dateModified\":\"2026-04-07T15:45:22+00:00\",\"description\":\"Automation Studio es ideal para aprender y hacer simulaciones de todo tipo de tareas a nivel industrial, hidr\u00e1ulica, neum\u00e1tica, electrotecnia...\",\"breadcrumb\":{\"@id\":\"https:\\\/\\\/hre.es\\\/didactica\\\/equipamiento-didactico\\\/automation-studio\\\/#breadcrumb\"},\"inLanguage\":\"es\",\"potentialAction\":[{\"@type\":\"ReadAction\",\"target\":[\"https:\\\/\\\/hre.es\\\/didactica\\\/equipamiento-didactico\\\/automation-studio\\\/\"]}]},{\"@type\":\"BreadcrumbList\",\"@id\":\"https:\\\/\\\/hre.es\\\/didactica\\\/equipamiento-didactico\\\/automation-studio\\\/#breadcrumb\",\"itemListElement\":[{\"@type\":\"ListItem\",\"position\":1,\"name\":\"Portada\",\"item\":\"https:\\\/\\\/hre.es\\\/didactica\\\/\"},{\"@type\":\"ListItem\",\"position\":2,\"name\":\"Equipamiento did\u00e1ctico\",\"item\":\"https:\\\/\\\/hre.es\\\/didactica\\\/equipamiento-didactico\\\/\"},{\"@type\":\"ListItem\",\"position\":3,\"name\":\"Automation Studio aprende dise\u00f1ando y simulando circuitos\"}]},{\"@type\":\"WebSite\",\"@id\":\"https:\\\/\\\/hre.es\\\/didactica\\\/#website\",\"url\":\"https:\\\/\\\/hre.es\\\/didactica\\\/\",\"name\":\"Divisi\u00f3n DID\u00c1CTICA de la empresa HRE\",\"description\":\"Transmisi\u00f3n de conocimientos adquiridos durante a\u00f1os en el sector Industrial\",\"potentialAction\":[{\"@type\":\"SearchAction\",\"target\":{\"@type\":\"EntryPoint\",\"urlTemplate\":\"https:\\\/\\\/hre.es\\\/didactica\\\/?s={search_term_string}\"},\"query-input\":{\"@type\":\"PropertyValueSpecification\",\"valueRequired\":true,\"valueName\":\"search_term_string\"}}],\"inLanguage\":\"es\"}]}<\/script>\n<!-- \/ Yoast SEO plugin. -->","yoast_head_json":{"title":"Automation Studio - Para dise\u00f1ar y simular circuitos","description":"Automation Studio es ideal para aprender y hacer simulaciones de todo tipo de tareas a nivel industrial, hidr\u00e1ulica, neum\u00e1tica, electrotecnia...","robots":{"index":"index","follow":"follow","max-snippet":"max-snippet:-1","max-image-preview":"max-image-preview:large","max-video-preview":"max-video-preview:-1"},"canonical":"https:\/\/hre.es\/didactica\/equipamiento-didactico\/automation-studio\/","og_locale":"es_ES","og_type":"article","og_title":"Automation Studio - Para dise\u00f1ar y simular circuitos","og_description":"Automation Studio es ideal para aprender y hacer simulaciones de todo tipo de tareas a nivel industrial, hidr\u00e1ulica, neum\u00e1tica, electrotecnia...","og_url":"https:\/\/hre.es\/didactica\/equipamiento-didactico\/automation-studio\/","og_site_name":"Divisi\u00f3n DID\u00c1CTICA de la empresa HRE","article_modified_time":"2026-04-07T15:45:22+00:00","twitter_card":"summary_large_image","twitter_misc":{"Tiempo de lectura":"1 minuto"},"schema":{"@context":"https:\/\/schema.org","@graph":[{"@type":"WebPage","@id":"https:\/\/hre.es\/didactica\/equipamiento-didactico\/automation-studio\/","url":"https:\/\/hre.es\/didactica\/equipamiento-didactico\/automation-studio\/","name":"Automation Studio - Para dise\u00f1ar y simular circuitos","isPartOf":{"@id":"https:\/\/hre.es\/didactica\/#website"},"datePublished":"2017-02-06T15:32:54+00:00","dateModified":"2026-04-07T15:45:22+00:00","description":"Automation Studio es ideal para aprender y hacer simulaciones de todo tipo de tareas a nivel industrial, hidr\u00e1ulica, neum\u00e1tica, electrotecnia...","breadcrumb":{"@id":"https:\/\/hre.es\/didactica\/equipamiento-didactico\/automation-studio\/#breadcrumb"},"inLanguage":"es","potentialAction":[{"@type":"ReadAction","target":["https:\/\/hre.es\/didactica\/equipamiento-didactico\/automation-studio\/"]}]},{"@type":"BreadcrumbList","@id":"https:\/\/hre.es\/didactica\/equipamiento-didactico\/automation-studio\/#breadcrumb","itemListElement":[{"@type":"ListItem","position":1,"name":"Portada","item":"https:\/\/hre.es\/didactica\/"},{"@type":"ListItem","position":2,"name":"Equipamiento did\u00e1ctico","item":"https:\/\/hre.es\/didactica\/equipamiento-didactico\/"},{"@type":"ListItem","position":3,"name":"Automation Studio aprende dise\u00f1ando y simulando circuitos"}]},{"@type":"WebSite","@id":"https:\/\/hre.es\/didactica\/#website","url":"https:\/\/hre.es\/didactica\/","name":"Divisi\u00f3n DID\u00c1CTICA de la empresa HRE","description":"Transmisi\u00f3n de conocimientos adquiridos durante a\u00f1os en el sector Industrial","potentialAction":[{"@type":"SearchAction","target":{"@type":"EntryPoint","urlTemplate":"https:\/\/hre.es\/didactica\/?s={search_term_string}"},"query-input":{"@type":"PropertyValueSpecification","valueRequired":true,"valueName":"search_term_string"}}],"inLanguage":"es"}]}},"_links":{"self":[{"href":"https:\/\/hre.es\/didactica\/wp-json\/wp\/v2\/pages\/2990","targetHints":{"allow":["GET"]}}],"collection":[{"href":"https:\/\/hre.es\/didactica\/wp-json\/wp\/v2\/pages"}],"about":[{"href":"https:\/\/hre.es\/didactica\/wp-json\/wp\/v2\/types\/page"}],"author":[{"embeddable":true,"href":"https:\/\/hre.es\/didactica\/wp-json\/wp\/v2\/users\/1"}],"replies":[{"embeddable":true,"href":"https:\/\/hre.es\/didactica\/wp-json\/wp\/v2\/comments?post=2990"}],"version-history":[{"count":29,"href":"https:\/\/hre.es\/didactica\/wp-json\/wp\/v2\/pages\/2990\/revisions"}],"predecessor-version":[{"id":4745,"href":"https:\/\/hre.es\/didactica\/wp-json\/wp\/v2\/pages\/2990\/revisions\/4745"}],"up":[{"embeddable":true,"href":"https:\/\/hre.es\/didactica\/wp-json\/wp\/v2\/pages\/2919"}],"wp:attachment":[{"href":"https:\/\/hre.es\/didactica\/wp-json\/wp\/v2\/media?parent=2990"}],"curies":[{"name":"wp","href":"https:\/\/api.w.org\/{rel}","templated":true}]}}